rue
Let g be (42/(-10) + 3)/(9/(-30)). Let b(d) = 7*d**3 + 6*d**2 - 2*d - 7. Is b(g) a composite number?
True
Suppose 4*y - 5*y = -41. Let g = y + -39. Suppose -r = -2*o + g*r + 187, -4*o = r - 353. Is o a prime number?
True
Suppose 4*i + c - 13 - 3 = 0, 3*c = 0. Let r be i/18 + (-296)/36. Let p = r - -10. Is p a prime number?
True
Let u(c) = c**3 + 6*c**2 + 6*c + 5. Let h be u(-3). Is h/(-42) - 392/(-6) a composite number?
True
Let s(f) = 2*f**3 - 7*f + 6*f**3 + 11*f**2 - 2 - 7*f**3 - 2. Is s(-5) prime?
True
Suppose 2*a + s = 34882, 3*a + 5*s - 67434 + 15111 = 0. Is a a prime number?
False
Suppose 135 = -5*r - 4*r. Is (-3)/r - (-954)/5 a composite number?
False
Let r(s) = 540*s - 194. Is r(6) prime?
False
Suppose 5*g - 3*i = 115507, -g = -4*i - 6005 - 17110. Is g prime?
True
Suppose -a - 13790 = -5*f + 9395, 2*f = -a + 9274. Is f prime?
True
Let u be (2 - -1416 - -3) + -2*2. Let h = -452 + u. Is h prime?
False
Let s(g) = -g**2 - 4*g + 3. Let k be s(-4). Let r be 25/4 - k/(-4). Let w = r + 154. Is w prime?
False
Let a = -28 - 14. Is 194/12*a/(-7) a prime number?
True
Suppose 16 = -4*b, 0*k - 2*b - 4 = -2*k. Suppose -5*o = 2*u + 96, -3*u - 2*u = 3*o + 50. Is ((-230)/o)/(k/(-76)) composite?
True
Suppose 5*c - 7*c + 1850 = 0. Suppose -2*m + 937 = -s, -2*s = -2*m - 5*s + c. Is m prime?
True
Let g = -33 + 39. Let h(i) = 12*i**2 + 7*i - 7. Is h(g) prime?
True
Suppose 3*y + 0*v + v - 3811 = 0, -4*y + 5083 = 3*v. Let l(r) = -r**3 - 10*r**2 - 9*r - 88. Let g be l(-10). Suppose 0*z - y = -g*z. Is z a prime number?
False
Let j = -1 + 6. Suppose 5*a + 3*m + 7 = 0, 0*m - j*m = -a + 21. Is 588/12*(2 - a) prime?
False
Suppose -11*j = -3860 - 4379. Suppose 4*z + 12016 = 3*g + j, -3*g = 5*z - 11303. Is g prime?
True
Let n(o) = 5232*o + 149. Is n(5) composite?
False
Let y = -20 - -24. Suppose -2*n = 0, 5*u + 2*n = y*u + 565. Is u a prime number?
False
Is (-4 - -8)/1*(-7886)/(-8) composite?
False
Let f be (2/(-4))/((-3)/30). Suppose 3*r + 2*g - 5 = 2*r, f*r + 2*g - 17 = 0. Suppose 0 = l + 3*o - r, -3*l + 4*o + 22 = -0*o. Is l composite?
True
Let w = -2183 + 4420. Is w composite?
False
Let q(z) = -51*z - 14. Suppose -15 = 2*x + f, f = 5*x + 3*f + 39. Is q(x) a composite number?
True
Is 8675 - 3 - (-18)/(-2) a composite number?
False
Let s be 9/(-15) + 36/10. Suppose 240 = -3*j - s*j. Is -1 + j*(0 + -2) a prime number?
True
Let d(g) = 115*g**2 - 82*g - 28. Is d(19) a composite number?
False
Let l = -18304 + 40815. Is l a composite number?
False
Suppose -89*r + 96*r - 2051 = 0. Is r composite?
False
Let r = -77 + 77. Suppose -2*z - 2 = r, -u = 5*z - 291 + 85. Is u composite?
False
Suppose -32871 = -8*k - 1327. Is k a prime number?
True
Suppose -10177 = -3*f - 0*l + 2*l, -3*l = 2*f - 6763. Is f prime?
True
Let q = 133 + 1714. Is q composite?
False
Suppose 30 = a + 23. Suppose a*f - 19419 = 4220. Is f composite?
True
Suppose -4*y = -71995 + 9087. Is y composite?
False
Suppose -124921 = 7*z - 365448. Is z a prime number?
True
Let j = 6153 - -94. Is j composite?
False
Suppose 4*y - i = -35, -3*i + 13 = -3*y - 11. Let m(x) = -x**2 - x + 1. Let p(w) = 3*w**2 + 8*w + 16. Let t(s) = -4*m(s) + p(s). Is t(y) a prime number?
False
Suppose 4*f = f + 4668. Suppose 7*c - f = 3*c. Is c a composite number?
False
Let l(g) = -2*g + 314. Let d be l(0). Suppose -2*s + d = 4*f, 3*s + 132 - 50 = f. Is f a prime number?
True
Let u be 0*(-2)/8 + 1. Is (u*(-2)/(-6))/((-2)/(-3882)) a composite number?
False
Suppose -3*k - 11 = -152. Let p = k + 112. Is p a composite number?
True
Let h(w) = 45*w**2 - 2*w + 5. Is h(-6) composite?
False
Suppose -26952 = -2*s - 6*s. Suppose 5*i - 5*o = 5655, o - 6*o + s = 3*i. Let k = -383 + i. Is k a prime number?
False
Let p(j) = 5*j**2 - 20*j - 25. Let z be p(-17). Suppose 3*h - 5239 - z = 0. Is h a prime number?
True
Let y(s) be the third derivative of s**6/24 + s**5/15 - s**4/12 - 2*s**3/3 + 12*s**2. Is y(3) a composite number?
True
Let l(p) = -637*p + 69. Is l(-10) a composite number?
True
Suppose 145360 = 5*i - 5*z, 5*i - 2*z - 66917 = 78458. Is i a composite number?
False
Let q(m) = 77*m**3 - 10*m**2 + m - 15. Is q(7) a prime number?
True
Let h = 7 + -5. Suppose 2*y - 42 = -4*n, 2*y + 121 = 7*y + h*n. Let z = 348 - y. Is z a composite number?
True
Suppose -5*z - 108 = 137. Let r = 2 - z. Is r prime?
False
Is 2*(201/5)/((-32)/(-80)) a prime number?
False
Let b be 0 - 1 - (-17 + 14). Let m be -3 - (b - -2)/4. Is (2/4)/(m/(-272)) a composite number?
True
Let f be 2*15/(-3) + -2. Let s(m) = 8*m + 2*m + 12*m + 14*m**2 - 6*m + m**3 - 17. Is s(f) prime?
True
Let o(s) be the second derivative of 178*s**3/3 + 13*s**2/2 - 13*s. Is o(5) composite?
True
Suppose -5*v = 5*q, 4*q + 3*v + 2 = -2*v. Suppose 7*c - 2*i = 3*c + 462, -q*c + 5*i + 211 = 0. Is c a prime number?
False
Suppose 2*c + 4 = 3*c. Let l = c - 11. Let i(g) = 2*g**2 - 6*g + 5. Is i(l) a composite number?
True
Let q(a) = -a**3 - 25*a**2 + 81*a + 209. Is q(-36) a composite number?
False
Let r(s) = -s**2 - 7*s - 10. Let q be r(-5). Suppose -15*h + 8*h + 7021 = q. Is h composite?
True
Let q(a) be the second derivative of -27*a**3 - 5*a**2/2 - 26*a. Is q(-2) a prime number?
False
Let g(d) = 291*d**2 - 6*d - 9. Let r be g(-2). Suppose c + 2*c = r. Is c a prime number?
True
Suppose -4*l - 7269 = -d, 5*l - 36370 = 3*d - 8*d. Is d a prime number?
False
Let y(z) = -3*z + 5*z - 15 + 3*z - 6*z. Let q be y(-13). Is 55 - q*(0 + -1) composite?
False
Suppose -2*c + 3626 = 2*y, 0 = -5*c + y + 7251 + 1838. Is c composite?
True
Let m be (58/(-1 - 1))/(-1). Let j = m - 27. Suppose 3 + 27 = j*r. Is r a composite number?
True
Let o = 243 + -242. Let a(r) = 343*r**3 - 5*r**2 - 2*r + 6. Let m(q) = q**3 + q**2 - 1. Let f(x) = a(x) + 5*m(x). Is f(o) a prime number?
True
Suppose 3144 = 2*y - 2*h, -y + 1574 = -12*h + 9*h. Is y prime?
True
Let t(c) = 313*c**2 - 3*c + 3. Suppose 4*o + 15 = 3. Let s be t(o). Let r = s + -1688. Is r composite?
True
Suppose -1092*p + 1087*p + 237995 = 0. Is p a prime number?
True
Let t(b) = -b**3 - 14*b**2 + 18*b - 5. Let o be t(-16). Let n be -132 + (-3 - -2) - 1. Let z = o + n. Is z a prime number?
False
Suppose 15 = 13*x - 8*x. Suppose 4*w - x*g + g = 808, -1011 = -5*w + 2*g. Is w a prime number?
False
Suppose 69*d = 77*d - 93416. Is d a composite number?
False
Is (-186)/9*20/((-200)/3345) a composite number?
True
Let b(l) = 271*l + 10. Is b(7) a composite number?
False
Let x = 32 - 24. Let g = 5 + x. Is g a composite number?
False
Let p = 996 - 579. Suppose x - p + 38 = 0. Is x prime?
True
Let a = 233 + 498. Is a prime?
False
Let d be (3 + 0 + -9)/(-2). Suppose 0 = d*o + 286 + 242. Let n = o - -475. Is n prime?
False
Suppose -p + 4*h + 2199 = 0, h + 8696 = 4*p + 5*h. Is p a composite number?
False
Let d(f) = 64*f**2 - f - 32. Let t be d(13). Suppose 3*g + t = 5*a, -5*g + 6*g = -2. Is a a prime number?
True
Let f(x) = x - 11. Suppose -3*k = -5*o - 10, -4*k - 4*o - 37 = -93. Let v be f(k). Is 0/(-2) + 26 + v prime?
False
Let o(i) = i**3 + 4*i**2 + 4*i + 3. Let p be o(-3). Is (-1)/(10100/10102 + -1 + p) prime?
True
Let s(t) = -54*t + 4. Let z(h) = h - 6. Let n be z(-1). Is s(n) a composite number?
True
Let d be (6 + -3)/((-6)/4). Let i(b) = b**2 + 3*b + 2. Let n be i(d). Suppose n = 7*u - 726 - 247. Is u composite?
False
Let m be (-8)/6*51/(-34). Suppose 0 = 7*v - m*v - 1445. Is v prime?
False
Let l(k) = -485*k + 24. Is l(-7) prime?
False
Let s = 12118 + 16891. Is s a prime number?
True
Suppose 0 = 3*o - 8*o + 9515. Is o a prime number?
False
Let l(h) = 1433*h**2 - 7*h - 7. Is l(6) a prime number?
True
Let x = -2 + 6. Let d be x - (10 - 2) - -374. Suppose -3*k = -8*k + d. Is k composite?
True
Let p = 249 - 64. Is p composite?
True
Let i(d) = 12 - 11 + 9*d - 8 - 3*d. Is i(11) composite?
False
Suppose 4*b = -5*q + 6985, -4*q + 6*q - 2 = 0. Is b composite?
True
Suppose -13*g + 6380 + 8063 = 0. Is g composite?
True
Let d = -3934 - -5711. Is d a prime number?
True
Suppose -5*r + 0*l + 862 = l, 4*r + 3*l = 694. Let p = -98 + r. Is p composite?
True
Suppose 0 = -3*r + 51 - 39. Suppose -2*k + 3 = 1, 0 = r*a - k - 5347. Is a composite?
True
Let d be (-2)/5 - (-3756)/15. Let r be -1 + (-3)/(-2) + 247/(-2). Let n = r + d. Is n a prime number?
True
Suppose 4*x - 17 = 7. Let q(p) = p - 2. Let i be q(x). Supp